a + y. What is the tens digit of a?
1
Let i(p) be the third derivative of -p**5/60 + 3*p**4/8 - p**3/3 + 4*p**2. Let v be i(8). What is the tens digit of 831/9 + (-2)/v?
9
Suppose 9*v - 30 = 3*v. Let z(a) = 48*a + 7 - 1 + v + 0. What is the hundreds digit of z(6)?
2
Let n(z) = 2*z**2 - 46*z + 2712. What is the thousands digit of n(70)?
9
Suppose -4*n + i + 2311 = 0, 5*n + 333*i = 331*i + 2892. What is the units digit of n?
8
Let w(h) = h**3 - 9*h**2 + 10*h - 13. Let d be w(8). Suppose -5*k - 664 = -d*x, x = -0*x + 3*k + 228. What is the tens digit of x?
1
Let i = 37 - -2. Let j be (24/(-9))/((-2)/i). What is the tens digit of (-1)/2 + 1482/j?
2
Let i(m) = 2*m**3 + 3 - 22*m**2 - 13 + 15*m**2 + 4*m. What is the units digit of i(6)?
4
Suppose -3*a = 2*d - 0*d - 19, 3*d - 24 = -3*a. Suppose 4*h - 5*m = 160, a*h - 168 = -h + 3*m. Let x = 86 - h. What is the tens digit of x?
4
Let s = 16 - 7. Let i be (-1)/(-7) + (-48)/(-7). Suppose i*y = s*y - 158. What is the tens digit of y?
7
Let f(a) = 7*a**2 - 3*a - 228. What is the tens digit of f(-32)?
3
Let o(w) = 5988*w + 629. What is the units digit of o(10)?
9
Let k = -18455 + -83205. What is the tens digit of k/(-182) + 3/7?
5
Let o be (-5)/(-2) + -8 - (-1)/(-2). Let w(l) = 2*l**2 + 2*l + 62. What is the units digit of w(o)?
2
Let z be ((-4)/1)/((-6)/33). Suppose 5*b - z + 377 = -5*q, -4*b - 5*q = 289. Let k = b + 101. What is the units digit of k?
5
Let o = -6485 + 9082. Suppose 5*s = -3*g + 2518, -5*s = 4*g - o - 762. What is the units digit of g?
1
Let k(v) = v**3 - 18*v**2 + 5*v + 34. Let x be k(18). Suppose -123*u - 699 = -x*u. What is the tens digit of u?
9
Suppose -y - 3*q + 14 = 0, -y - 2*y = 2*q - 42. What is the units digit of -410*(7 + (-105)/y)?
5
Let t(q) = 17*q**2 + 16*q - 41. Let j be t(9). Suppose 4*k - 1970 = -2*x, -3*k + 5*x = 6*x - j. What is the units digit of k?
5
Suppose -2*c + 31828 = 5*x, 16*c + 2*x = 13*c + 47720. What is the units digit of c?
4
Let z(x) = -1766*x - 9936. What is the tens digit of z(-16)?
2
Suppose -953*a + 950*a + 39618 = 0. What is the thousands digit of a?
3
What is the tens digit of (-1)/(-3) + (573200/(-48))/((-2)/2)?
4
Let u = -827 + 3526. What is the units digit of u?
9
Let b(d) = -5*d + 32. Let c(l) = l**3 + 3*l**2 - 2*l - 5. Suppose -2*m + 7 = -2*g - m, -2*g - 3*m - 11 = 0. Let o be c(g). What is the units digit of b(o)?
7
Suppose 0 = -62*x + 46*x. Suppose x = -111*t + 107*t + 4*u + 1804, 3*u = 4*t - 1809. What is the tens digit of t?
5
Let r be 9*2*(-1)/(-6). Let j be (-3 + (-4)/(-2))*0/(-25). Suppose 0 = 5*i - 2*g - 46, -r*i - i - 3*g + 23 = j. What is the units digit of i?
8
Let p be (2 - -4)*10/(-4). Let y be -2 + (-25)/p - (-25)/3. Suppose -5*x = -y*x + 99. What is the tens digit of x?
3
Let w(p) = -175*p + 59. What is the units digit of w(-19)?
4
Let x(i) = i**3 - 3*i**2 + 3*i. Let y be x(2). Let n be y/3*117/2. Suppose -n = -0*v - 2*v + j, 27 = v - 3*j. What is the units digit of v?
8
Let i = -5 - 11. Let k(y) = 4*y**2 + 24*y - 16 - 2*y**2 + 13 - y - 13. What is the tens digit of k(i)?
2
Let z(p) = 22*p**2 + 13*p + 37. What is the tens digit of z(-10)?
0
Suppose -3*z - 314 + 392 = 0. Suppose -2385 = -z*t + 23*t. What is the hundreds digit of t?
7
Let u = -2008 - -12448. What is the units digit of u?
0
Let g = -12 - 8. Let p(t) = -t**3 - 21*t**2 - 24*t - 18. Let z be p(g). Suppose 0 = -b + z + 35. What is the tens digit of b?
9
Let w(b) = -b**3 + 20*b**2 - 28*b + 245. What is the hundreds digit of w(14)?
0
Let m = 104286 - 53714. What is the ten thousands digit of m?
5
Suppose -253*y = -298*y - 4860. Let h be 2/(-8) - (-35)/(-4). Let q = h - y. What is the tens digit of q?
9
Let j = -48935 - -87864. What is the ten thousands digit of j?
3
Suppose -11*s + 389904 = s. Suppose 0 = 34*p - 4806 - s. What is the units digit of p?
7
Let h = 92 - 86. Suppose -h*g + 137 = 107. Suppose 5*f + u - 535 = 0, -428 - 117 = -g*f + u. What is the units digit of f?
8
Suppose -5*d - 59 = r - 83, -5*r = -5*d + 30. Let p(g) = 41*g - 73. What is the hundreds digit of p(d)?
1
Let h = -40 + 209. Suppose 251 + h = 7*s. What is the units digit of s?
0
Suppose -6*j + 82 + 134 = 0. Let o(i) = 5*i - 44 - 20*i - j + 55. What is the tens digit of o(-7)?
8
Suppose -4951*x = -4912*x - 2727543. What is the ten thousands digit of x?
6
Let n(i) = -3*i**2 + i + 61. Let u = 33 + -31. Suppose 11*o - u*o = -0*o. What is the units digit of n(o)?
1
Let v(d) be the third derivative of d**5/60 - 7*d**4/12 + 46*d**3/3 - 117*d**2. What is the tens digit of v(12)?
6
Suppose 24*a + 30 = 26*a. Let p be ((-2255)/a + -1)/((-2)/3). Suppose 5*h + 0*h - 550 = -f, -p = -2*h + f. What is the tens digit of h?
1
Let o = -99 + 101. Suppose -o*y + 987 = 5*c, -1133 + 347 = -4*c + 2*y. What is the units digit of c?
7
Let k = 46 - 41. Let w be (k/(-4))/(2/(-8)). Suppose -2*l - 4*q = -94, 0 = -w*l - q - 30 + 274. What is the tens digit of l?
4
Let i(w) = -16*w - 22 - 5 + 12 - 34. Let l be i(-15). Let g = l + -83. What is the hundreds digit of g?
1
Let p(r) = -9*r - 41. Let n be p(-5). Suppose -h = z + 6, -n*h - 5*z = 20 + 1. What is the units digit of 4/(-1) - 60/h*3?
6
Let u(d) = 93*d**2 + 335*d + 24. What is the tens digit of u(-9)?
4
Let j = 513 + 55. What is the units digit of j?
8
Let f = 35 - 32. Let k(n) = n**f - 11 - 2*n + 104*n**2 - 2 - 85*n**2. What is the units digit of k(-19)?
5
Suppose -351198 + 101978 = -20*i. What is the tens digit of i?
6
Let a(o) = 51*o**2 - 174*o + 1817. What is the thousands digit of a(11)?
6
Let w = 458 + 3571. What is the units digit of w?
9
Suppose 5*o + 3*h = h - 1716, -5*o - 5*h - 1725 = 0. Let c(q) = -594*q**2 - 19*q + 6. Let v be c(1). Let z = o - v. What is the hundreds digit of z?
2
Suppose -4*i + 13*f = 10*f - 624, i = -f + 163. Suppose -877 = -4*v + i. What is the hundreds digit of v?
2
Let o = 10687 + -4191. What is the thousands digit of o?
6
Let w(q) = q**3 - 4*q**2 + 4*q - 3. Let k be w(2). Let u be 9*32 + k/(3/2). Let m = 430 - u. What is the tens digit of m?
4
Suppose -46*b + 45 = -37*b. Suppose 2*g - 4126 = -4*u, -3*u = b*g - 7*g - 3112. What is the hundreds digit of u?
0
Let c = -183 - -181. What is the units digit of (-374)/(-55) + c/(-10)?
7
Suppose 5 + 4 = n. Let q(k) be the third derivative of k**5/60 - 5*k**4/24 - k**3/2 + 53*k**2. What is the units digit of q(n)?
3
What is the thousands digit of ((-24)/60 - (-2)/(20/132994)) + -4?
3
Suppose 540192 = 2102*o - 2068*o. What is the thousands digit of o?
5
Let a(l) be the second derivative of -47*l**3/6 - 3*l**2 - 2*l + 9. What is the units digit of a(-4)?
2
Suppose 10*t - 23653 + 183 = 0. What is the units digit of t?
7
Let q = 521 + -518. Suppose -2*h + q*a + 1486 = 0, 0 = 2*h + 5*a - 1937 + 435. What is the tens digit of h?
4
Suppose 0 = -4*c - 8, -3*m - c - 92873 + 370713 = 0. What is the units digit of m?
4
Let i be 2/(-12) + -6 + 754/(-12). Let c = 163 - i. Suppose -2*r - 2*r + c = 0. What is the tens digit of r?
5
Suppose 3*n = 4*m - 10 - 13, 5*n + 3*m = 10. What is the tens digit of (0 + (-1)/n)*19?
1
Let w(c) = 2*c**2 + 24*c + 49. Let g be w(-10). Suppose 466 = 3*z - 2*v - 1133, 0 = 3*v - g. What is the units digit of z?
5
Suppose 14*h = -4*h + 17568. Suppose 3*n = -n + h. What is the tens digit of n?
4
Let r = -2880 - -5084. What is the hundreds digit of r?
2
What is the units digit of (33/4)/(7/132*(-111)/(-15022))?
4
Suppose 4*j + 2*s = 4, 2*j - 5 - 3 = 2*s. Suppose 0 = 5*c + j*c - 1127. What is the hundreds digit of c?
1
Suppose 6*t - 5708 = 2*s, 3*s + 5*t = t - 8601. Let z = -2023 - s. What is the hundreds digit of z?
8
Let r = 37 + -37. Let t(g) = -g**2 + g + 2. Let x be t(r). Suppose -5*d - 4 - 11 = 0, -123 = -x*h + 5*d. What is the tens digit of h?
5
Suppose -32*w + 8*w = -144. What is the thousands digit of (w/9)/((-119748)/(-29934) + -4)?
1
What is the tens digit of 2878 - (-39)/(-3) - (-6 - -6)?
6
Let m = -414 + 420. What is the hundreds digit of (-6819)/(-15) - (-5)/((-50)/m)?
4
Let p(u) = -u**2 - 4*u + 14. Let l be p(3). Let n(o) = -2*o**2 + 11*o - 6. Let y be n(5). What is the hundreds digit of (6/21)/y + (-933)/l?
1
Let q(z) = 7*z**2 + 10*z - 27. Suppose -5*f - v + 41 = -2*f, 0 = -5*f + 5*v + 55. What is the hundreds digit of q(f)?
2
Suppose 5*m - 2*j = 4 + 12, 0 = -5*m - 5*j +